?
False
Is 4563 a multiple of 56?
False
Does 17 divide 1302?
False
Is 2288 a multiple of 44?
True
Is 13 a factor of 1847?
False
Is 366 a multiple of 11?
False
Is 190 a multiple of 2?
True
Is 4 a factor of 648?
True
Is 13 a factor of 4147?
True
Is 19 a factor of 15167?
False
Does 14 divide 2972?
False
Is 23 a factor of 575?
True
Is 60 a factor of 7560?
True
Does 53 divide 1311?
False
Does 17 divide 58810?
False
Is 14 a factor of 442?
False
Is 19 a factor of 24504?
False
Is 363 a multiple of 10?
False
Does 15 divide 435?
True
Is 1363 a multiple of 47?
True
Is 4 a factor of 266?
False
Does 14 divide 770?
True
Is 52 a factor of 15575?
False
Is 1313 a multiple of 12?
False
Does 18 divide 9594?
True
Is 26 a factor of 3523?
False
Does 5 divide 39708?
False
Is 1088 a multiple of 17?
True
Is 1710 a multiple of 114?
True
Is 40 a factor of 10840?
True
Is 5 a factor of 6295?
True
Is 141 a factor of 10153?
False
Is 38 a factor of 3306?
True
Is 24 a factor of 1008?
True
Is 31 a factor of 5859?
True
Is 3040 a multiple of 19?
True
Is 436 a multiple of 21?
False
Is 4 a factor of 4967?
False
Is 7 a factor of 3388?
True
Is 69 a factor of 221?
False
Does 15 divide 546?
False
Is 11512 a multiple of 13?
False
Is 4648 a multiple of 3?
False
Does 4 divide 460?
True
Does 17 divide 40551?
False
Is 8 a factor of 7896?
True
Is 30 a factor of 2805?
False
Does 61 divide 5368?
True
Is 529 a multiple of 11?
False
Is 14 a factor of 1921?
False
Is 112 a factor of 243?
False
Is 2 a factor of 136?
True
Is 324 a multiple of 45?
False
Is 1122 a multiple of 17?
True
Is 1314 even?
True
Is 19 a factor of 766?
False
Does 35 divide 204?
False
Is 61 a factor of 5978?
True
Does 13 divide 4199?
True
Does 37 divide 1237?
False
Is 27 a factor of 3492?
False
Is 12675 a multiple of 75?
True
Does 30 divide 90?
True
Is 14 a factor of 2576?
True
Is 20916 a multiple of 12?
True
Is 48 a factor of 97635?
False
Is 9 a factor of 84?
False
Is 1230 a multiple of 24?
False
Is 9 a factor of 333?
True
Is 20400 a multiple of 12?
True
Does 33 divide 10065?
True
Is 17 a factor of 116?
False
Is 15566 a multiple of 181?
True
Is 180 a multiple of 12?
True
Is 21310 a multiple of 18?
False
Is 7 a factor of 16774?
False
Is 264 a multiple of 11?
True
Does 68 divide 13192?
True
Does 2 divide 151?
False
Is 14 a factor of 266?
True
Is 11 a factor of 1345?
False
Does 10 divide 3940?
True
Does 36 divide 24192?
True
Is 121 a factor of 5034?
False
Does 7 divide 777?
True
Is 16 a factor of 560?
True
Does 29 divide 371?
False
Is 3286 a multiple of 2?
True
Is 27 a factor of 1968?
False
Is 783 a multiple of 29?
True
Is 4431 a multiple of 5?
False
Is 104 a factor of 2288?
True
Is 336 a multiple of 4?
True
Is 3881 a multiple of 46?
False
Does 24 divide 234?
False
Is 204 a factor of 8976?
True
Is 2 a factor of 58?
True
Does 14 divide 1937?
False
Is 4008 a multiple of 24?
True
Does 4 divide 27661?
False
Is 9225 a multiple of 21?
False
Does 90 divide 40680?
True
Does 5 divide 108?
False
Is 149 a factor of 82099?
True
Is 39 a factor of 936?
True
Is 558 a multiple of 31?
True
Is 8 a factor of 192?
True
Does 6 divide 250?
False
Is 82 a factor of 37193?
False
Is 2 a factor of 202?
True
Is 3 a factor of 1197?
True
Does 3 divide 2572?
False
Does 30 divide 930?
True
Is 14 a factor of 23310?
True
Is 590 a multiple of 59?
True
Is 44 a factor of 16075?
False
Is 19223 a multiple of 8?
False
Is 14836 a multiple of 4?
True
Is 50 a multiple of 2?
True
Is 20187 a multiple of 14?
False
Is 534 a multiple of 62?
False
Is 117 a multiple of 13?
True
Does 39 divide 16243?
False
Is 6 a factor of 2463?
False
Is 37 a factor of 7214?
False
Is 14448 a multiple of 23?
False
Does 8 divide 1493?
False
Is 3 a factor of 216?
True
Is 6 a factor of 186?
True
Is 27 a factor of 486?
True
Does 44 divide 3036?
True
Is 1928 a multiple of 38?
False
Is 36 a factor of 12024?
True
Is 23805 a multiple of 8?
False
Is 5031 a multiple of 84?
False
Is 222 a multiple of 3?
True
Is 22 a factor of 2134?
True
Is 275 a multiple of 5?
True
Is 358 a multiple of 25?
False
Is 7161 a multiple of 77?
True
Does 11 divide 4906?
True
Is 13 a factor of 13009?
False
Is 2365 a multiple of 55?
True
Is 33756 a multiple of 30?
False
Is 8181 a multiple of 47?
False
Does 45 divide 2928?
False
Does 136 divide 19009?
False
Is 19656 a multiple of 168?
True
Is 175870 a multiple of 9?
False
Is 21974 a multiple of 41?
False
Is 8 a factor of 9282?
False
Is 65 a factor of 702?
False
Is 6952 a multiple of 103?
False
Is 7 a factor of 7168?
True
Is 2 a factor of 121?
False
Is 1040 a multiple of 80?
True
Is 132 a factor of 25212?
True
Is 23 a factor of 4477?
False
Is 77229 a multiple of 112?
False
Is 6700 a multiple of 25?
True
Is 7 a factor of 7016?
False
Does 64 divide 18624?
True
Is 1236 a multiple of 53?
False
Is 400 a multiple of 8?
True
Is 12672 a multiple of 22?
True
Is 61558 a multiple of 7?
True
Is 46 a factor of 828?
True
Is 7 a factor of 12889?
False
Is 9 a factor of 13792?
False
Is 1620 a multiple of 83?
False
Is 49 a factor of 1486?
False
Is 16072 a multiple of 164?
True
Is 15151 a multiple of 139?
True
Is 21 a factor of 189?
True
Is 4 a factor of 6816?
True
Is 218 a multiple of 3?
False
Does 7 divide 6970?
False
Does 21 divide 580?
False
Is 16 a factor of 352?
True
Is 4 a factor of 44?
True
Is 243 a multiple of 3?
True
Is 55 a factor of 7535?
True
Is 303 a multiple of 8?
False
Is 470 a multiple of 10?
True
Is 52239 a multiple of 240?
False
Is 10099 a multiple of 8?
False
Is 15 a factor of 9675?
True
Does 27 divide 602?
False
Is 4088 a multiple of 56?
True
Is 11 a factor of 36016?
False
Does 3 divide 2870?
False
Does 3 divide 269?
False
Is 7686 a multiple of 61?
True
Does 34 divide 8297?
False
Does 135 divide 8272?
False
Is 1675 a multiple of 21?
False
Is 155027 a multiple of 224?
False
Is 5 a factor of 165?
True
Is 71 a factor of 2556?
True
Does 14 divide 1358?
True
Is 1663 a multiple of 27?
False
Does 22 divide 2200?
True
Is 43 a factor of 43473?
True
Does 4 divide 56?
True
Does 27 divide 270?
True
Is 10032 a multiple of 36?
False
Is 3060 a multiple of 132?
False
Is 1740 a multiple of 18?
False
Is 497 even?
False
Is 9 a factor of 252?
True
Does 13 divide 4550?
True
Does 6 divide 31?
False
Is 1005 a multiple of 33?
False
Is 362 a multiple of 34?
False
Is 1091 a multiple of 21?
False
Does 28 divide 342?
False
Does 55 divide 30030?
True
Is 143 a factor of 9260?
False
Does 153 divide 35508?
False
Is 1986 a multiple of 90?
False
Does 41 divide 74124?
False
Does 22 divide 494?
False
Is 54 a factor of 10065?
False
Does 7 divide 135?
False
Is 34 a factor of 7792?
False
Does 41 divide 5781?
True
Is 53746 a multiple of 38?
False
Is 9 a factor of 163?
False
Is 9180 a multiple of 51?
True
Is 8367 a multiple of 3?
True
Is 17 a factor of 12070?
True
Is 713 a multiple of 31?
True
Does 20 divide 47863?
False
Is 13968 a multiple of 62?
False
Is 11726 a multiple of 2?
True
Is 13 a factor of 78?
True
Is 3066 a multiple of 7?
True
Is 38 a factor of 3230?
True
Is 7107 a multiple of 37?
False
Is 12 a factor of 1126?
False
Does 205 divide 5370?
False
Is 1975 a multiple of 5?
True
Is 35531 a multiple of 11?
False
Is 1395 a multiple of 59?
False
Is 2020 a multiple of 14?
False
Is 1638 a multiple of 21?
True
Does 16 divide 512?
True
Is 15 a factor of 2025?
True
Is 5 a factor of 665?
True
Is 18283 a multiple of 16?
False
Does 70 divide 560?
True
Does 27 divide 1431?
True
Is 257 a multiple of 4?
False
Does 11 divide 2821?
False
Is 48982 a multiple of 19?
True
Does 36 divide 16992?
True
Is 63615 a multiple of 15?
True
Is 215 a multiple of 43?
True
Does 2 divide 527?
False
Is 245 a multiple of 2?
False
Does 19 divide 171?
True
Is 501 a multiple of 27?
False
Is 28 a factor of 32993?
False
Is 330 a multiple of 15?
True
Is 5659 a multiple of 21?
False
Does 6 divide 2820?
True
Is 44522 a multiple of 41?
False
Is 13 a factor of 7113?
False
Is 266 a factor of 12130?
False
Is 8 a factor of 760?
True
Is 4243 a multiple of 174?
False
Is 1039 a multiple of 48?
False
Is 16092 a multiple of 17?
False
Is 11538 a multiple of 17?
False
Is 8 a factor of 184?
True
Does 59 divide 6016?
False
Is 1275 a multiple of 51?
True
Does 5 divide 478?
False
Is 18 a factor of 1602?
True
Does 163 divide 25754?
True
Is 40 a factor of 300?
False
Is 192